t is the value of 1 + -25 - (-477 - -467)?
-14
What is 110 - 98 - (1 - 0)?
11
Calculate (32 - 5) + (15 - 35).
7
What is 25 - -5 - (17 + 0)?
13
What is the value of -142 + 151 + -2 + 2 + (2 - 4)?
7
What is 128 - 106 - (-4 - -37)?
-11
What is the value of (-11 - -7 - 5 - -9) + 34 - 1?
33
What is 4 - ((-2 - 2) + 11)?
-3
Calculate -6 + -19 - (-6 - (-9 - -12)).
-16
What is the value of -909 + 883 - (2 - 49)?
21
What is 2 + 8 + -15 + -1?
-6
-18 - (-16 - (7 + -19))
-14
What is the value of 4 - (29 + -5 + 6)?
-26
387 + -386 + (-3 - 12 - 2)
-16
What is the value of 21 - (41 - -12) - (-6 + 1 + -1)?
-26
Calculate -6 + 4 - (-13 + 0 + 13).
-2
What is the value of -8 - (-7 + 4) - (-7 - -2)?
0
What is -16 + (23 - (-2 + -1))?
10
Evaluate (-3 - -1) + -18 + (-10 - -19).
-11
What is -5 + (-6 - 1 - ((-3 - -4) + -20))?
7
What is (20 - 7) + -7 + 3 - 8?
1
18 + (-29 - -5) - (2 + -2 - 12)
6
Calculate 0 + (28 - (-32 + 37)).
23
Calculate -8 + (-6 - ((8 - 20) + 4)).
-6
Evaluate (20 - 19) + -1 - (-1 - -10).
-9
Calculate -265 + 294 + (-1 - -3) + -15.
16
Calculate -31 - (-5 + -21) - (-1 + 11).
-15
2 - 2 - 5 - (13 - 37 - -32)
-13
What is -12 + 2 + 0 + 2 + (-26 - -22)?
-12
Calculate -42 - 13 - -42 - 22.
-35
Evaluate (0 - 2) + 0 - 4 - (-113 - -116).
-9
What is the value of 20 + -15 - (-8 + 6 - (-7 - -1))?
1
25 + -1 - (-63 - (-136 - -70))
21
Evaluate -22 + (-26 + 11 - -44).
7
What is the value of 3 + 3 + 2 + -12 + 13 + -3?
6
16 + -8 + -11 + -11
-14
Evaluate 4 + 3 + 1 - (-1 + -35 + 54).
-10
What is 17 - (-3 + (-60 - -47))?
33
-11 + -3 - (-18 - -11)
-7
What is 8 + 7 + -19 + (10 - 1)?
5
-12 + 32 + (5 - -3)
28
What is the value of 46 + -19 + -7 - 19?
1
What is 5 - 3 - 12 - (-11 - -11)?
-10
What is (-3 - (0 - (-3 + -3) - 9)) + 2?
2
Calculate -7 + 1 + (7 - (-1 - 2) - 12).
-8
What is (-2 - (-3 - -1)) + 86 + -80?
6
(-8 + 14 - 2) + -6
-2
Calculate (7 - 11) + 3 - 9.
-10
Calculate -11 + 8 + 0 - 3 - 12.
-18
Evaluate 1 + -6 - 0 - (-8 + 12 - 10).
1
Calculate 1 - (0 - 0) - (13 + -18).
6
(1 - -9) + 49 + -74
-15
21 - (7 - (9 - (17 + -7)))
13
What is (-31 + 34 - 18) + 31?
16
What is the value of -21 + (22 - (-40 + 32))?
9
What is the value of -9 + -3 - (-80 - -69)?
-1
0 - -12 - (-22 + (17 - -5))
12
What is the value of -9 + 6 + 0 + -3 + (10 - 4)?
0
What is the value of -5 + 5 - -22 - (-7 - (-7 + -7))?
15
Evaluate -2 + 2 + (7 - 10) + -9 + 16.
4
7 - 1 - (11 - (-27 - (14 - 30)))
-16
Calculate (-1 - -12) + (12 - (6 - -8)).
9
Calculate -12 + 23 - 7 - -2.
6
(-10 - -15) + -1 + -5 + (-20 - -25)
4
What is 5 - (17 + (-2 + -7 - (14 + -16)))?
-5
Calculate (14 - (2 - 16)) + -17.
11
What is 26 + -19 + (4 - 6) + 9?
14
What is 18 + -8 - (6 + 5 + -6 + 7)?
-2
What is 12 + -2 + (-48 - -42)?
4
Calculate (-1 - -3) + (-61 - -55 - (-8 - 1)).
5
-3 - 1 - (2 + (11 - -4))
-21
Evaluate (1 - -6) + (-85 - -68) + 4.
-6
-33 + (24 - -3) + 33 + -8
19
What is -15 + 7 - -3 - (6 + -11 - -4)?
-4
What is the value of (-4 - (4 + -5)) + (-6 + -5 - -4)?
-10
Evaluate (6 - 16) + 4 + 18 + (0 - -6).
18
Calculate 5 + 7 - (8 - (3 - -6) - 4).
17
What is the value of 20 - (-5 + (4 - (2 + -3) - -11))?
9
6 + -14 + -7 + 12 + 2
-1
What is (-14 - (-15 - 16)) + -8?
9
Calculate 4 + -2 + -32 + 56 + -61.
-35
Evaluate 7 + (2 + -10 - -4).
3
What is (1 - 14) + 19 - (1 + 20)?
-15
Evaluate -2 - -1 - 0 - -9 - 6.
2
Evaluate -9 + (9 - 6 - 10) - (-3 - 0).
-13
Calculate (-2 - (-3 + 12 + -5 + 0)) + -7.
-13
-342 + 336 + -1 + -1 + -10
-18
Evaluate 13 - (-8 - -27 - 9).
3
Calculate 4 + -5 - -2 - (-8 + 9).
0
Evaluate -12 - -5 - (-23 - -7 - -3) - -34.
40
1 + 8 - (4 + 17 - 3)
-9
Calculate 16 - (-16 + 10 + 22).
0
Calculate (6 - (9 - 8)) + -6 + -1 + -10.
-12
(2 - (-26 - 12)) + -27
13
What is (-6 - ((2 - -3) + 13)) + 9?
-15
What is the value of (-129 - -137) + -7 + 1?
2
Evaluate 32 + -69 + (-13 - -16).
-34
Evaluate (25 - 27) + -5 + 1 + -2.
-8
Calculate -3 + -2 - (-15 - -3 - -1).
6
-16 + 12 - (17 - 9)
-12
What is (4 - (-3 - 0)) + (2 - 2 - 11)?
-4
What is (1939 - 1933) + (-5 + 1 - 0) - 11?
-9
-3 + 7 + (-1 - 6) + (-1 - -2)
-2
Evaluate (-22 + 14 - -23) + -18.
-3
Evaluate (1 - 4 - 0) + 12 - 21.
-12
What is the value of 31 + -24 - 47 - -23?
-17
Evaluate -5 + 15 + 1 + (-9 - -13).
15
What is 4 + 9 + -27 + (3 - 2)?
-13
What is the value of (1 - -9 - (14 - 10)) + -5 - 4?
-3
What is 93 + -106 + (1 - (5 + 3)) + -3?
-23
Evaluate -1 + (3 - 2) + -5 + (-18 - -22).
-1
What is the value of -27 + 4 + -12 + 18?
-17
Calculate (-1 - (0 + 0)) + (177 - (-6 - -151)).
31
What is 6 - (-5 + 8 + -1 - 6)?
10
What is -6 - ((9 - 4 - -2) + -16)?
3
(13 - -3) + (75 - 82)
9
Evaluate -8 + 4 + -1 + -8 + -14.
-27
What is the value of 10 - (9 - (-6 - 9 - 0))?
-14
What is 7 + -9 + 4 + -18?
-16
Calculate -4 + 37 + 15 + -33.
15
Calculate 22 - (12 - (31 - 14)).
27
-7 + 0 + (231 - 220) + (1 - 8)
-3
Evaluate 4 + -2 - (8 + -17 + -1).
12
What is the value of -10 + 8 + (-5 - -4)?
-3
Calculate -8 - 18 - (-215 - -186).
3
What is 0 + (4 - 6) + (-28 + 5 - -1)?
-24
Evaluate -10 + -1 + 11 + -1 + 3.
2
Evaluate (-17 - (5 + -7)) + 3.
-12
Evaluate (-18 - -8) + 3 - -4.
-3
What is the value of 57 - 29 - (1 + (11 - 5)) - -5?
26
Calculate (-46 + 8 - -28) + -9 + 1.
-18
What is -33 + (23 - (2 - 0))?
-12
What is (-31 - -4) + 3 - (-3 - (-26 - -29))?
-18
Calculate -8 + 16 - 2 - ((4 - 9) + -21).
32
Calculate 1 + -6 + 9 + (4 - 25).
-17
Evaluate -4 - (-15 - (3 - 7)) - (-162 - -171).
-2
Evaluate -3 - -1 - 2 - (10 + 5 + -6).
-13
What is -18 + 0 + 21 - (-2 + 13)?
-8
What is -4 + -4 + -2 + 2 + (172 - 128)?
36
Calculate (-28 - (-16 + 14) - -36) + 0 + -2.
8
Evaluate 1 - (3 - 9 - -20).
-13
What is the value of (5 - -13 - -3) + -13?
8
What is -11 - (-1 + (-1 - (9 - 6)))?
-6
What is 6 + -27 + 12 + -7 + 0?
-16
Calculate -29 - (-21 + -1 - -14).
-21
What is -11 + 5 - 0 - (-3 - -13)?
-16
What is the value of 1 - ((-2 - -15) + -4) - 25?
-33
Evaluate -4 + (-31 - (-12 + 8 + -5)) - -10.
-16
What is -3 - (21 + -32) - -12?
20
What is (25 - (-3 + (8 - -9))) + -10?
1
Evaluate -20 - -10 - (9 + (8 - 15) + 2).
-14
Calculate (-4 - -11) + 3 + 9 + -6.
13
What is the value of -5 + 8 + 13 - 7?
9
Evaluate -7 + 2 - (-110 - -124).
-19
Evaluate (-23 - 0) + -48 + 59.
-12
Evaluate 4 + 0 + 7 - 21.
-10
Evaluate (-5 - 2) + 21 - 26.
-12
Calculate (-11 - -25) + -12 + 9.
11
Evaluate -48 + (-28 - -33) - -69.
26
What is -12 + (6 - -8) + 6?
8
(-9 - (11 + -10) - 3) + 22
9
What is 6 + 1 + 2 + -14 + 11 + -12?
-6
9 - 4 - (9 + -23)
19
What is (-33 - 7) + 16 + 19?
-5
Calculate 0 + 8 - (-5 + 13) - 23.
-23
42 + -39 - (5 + -3 - -5)
-4
Calculate 16 + 0 - (16 - (-18 + 30)).
12
-14 - (-14 + -2 + 30 + (-28 - -5))
-5
Evaluate 1 + 12 + -5 - (-6 - -21).
-7
Calculate 3 - (9 - (-14 + 5)).
-15
Calculate 8 - (1 + (-9 - -12)) - (-3 - -6).
1
Calculate 33 + -24 + (17 - 6).
20
What is -5 - (45 + -46) - 7?
-11
What is the value of 5 - (-2 + 11 - (12 - (26 + 1)))?
-19
Calculate 10 - 4 - (-30 - -47).
-11
Calculate -52 + (6 - -26) - (-11 + 0).
-9
Evaluate (1 + 24 - (13 - 15)) + -7.
20
What is -19 + -21 + 39 + 14?
13
(18 - (-10 + 23)) + 7
12
-7 - (11 + -2 + (-63 - -54))
-7
Calculate -29 - (6 + -20 + -5).
-10
Evaluate -2 - (1 - 8 - (52 - 72)).
-15
What is the value of (-19 - 8 - -13) + 5?
-9
What is the value of -27 + 21 + (-1 - -13)?
6
Calculate -8 + -3 + (57 - 38).
8
Evaluate -19 - 1 - (-51 + 18).
13
Evaluate -6 - 6 - (-3 - 5) - -7.
3
Evaluate (-2 - -9) + (-23 - (-21 + 10)) + 25.
20
What is -14 - (-7 + -13 + -5 + 7)?
4
What is (-2 - -6 - 0) + 359 + -375?
-12
What is the value of (3 - ((-2 - -5) + -7 + 4)) + -11?
-8
What is the value of -1 + (42 + -16 + -21 - (5 + 1))?
-2
9 + 5 + 8 + -31
-9
What is the value of 36 + 23 + -59 + -30?
-30
Evaluate -9 - (-4 + -1) - (0 - 9 - -2).
3
What is -4 + -10 + 27 + -13 + 20?
20
-45 + -2 - (740 - 781)
-6
Calculate 4 + (9 - 0) + -17 + -4 + -1.
-9
Evaluate 0 + (1 - -1) - (42 - 46) - 0.
6
What is the value of (16 - 15 - -20) + (-3 - (1 + 1))?
16
Evaluate 0 - ((5 + -6 + 1 - 0) + 8).
-8
1 - (-9 + (4 - -1)) - 33
-28
What is (-2 - (-1 + 1 - 2)) + (-74 - -75)?
1
(-6 - (20 + -17) - (-1 - 0)) + -17
-25
What is (-4 - -3) + (38 - 19)?
18
What is 239 + -238 - ((2 - 12) + -1)?
12
Evaluate -6 - ((-9 - 1) + 5) - -9 - -1.
9
36 + -48 + 24 + (-5 - -4)
11
What is the value of -12 - (-24 - (-18 - 4)) - (1 - 7)?
-4
Evaluate 5 - -6 - (15 + -4 + 13).
-13
What is -7 - -3 - -8 - (-7 - -9)?
2
(23 - 20)